 - p = -6. Is (-98)/(-8)*p*2 a multiple of 25?
False
Let y(w) = -w**3 - 4*w**2 + 7*w + 2. Is y(-6) a multiple of 9?
False
Suppose 0 = k - a - 12, -5*k + 2*k + 6 = 3*a. Is 14 a factor of (k/1)/((-3)/(-6))?
True
Suppose 3*i - 76 = 125. Let r = i + -35. Does 16 divide r?
True
Suppose -2*j + 23 = -25. Does 12 divide j?
True
Suppose 0 = 3*n - 4*y - 7, n + n + 4*y = 38. Suppose 2*x + n = 5*r, 2*r - 4*x + 2*x - 6 = 0. Let k = r + 2. Is k a multiple of 3?
True
Let i = 12 + -4. Suppose 2*z - i = -4. Suppose 14 = z*o - o. Is 5 a factor of o?
False
Suppose 3*t + 4*y = 7, -t - 3*t + 5*y + 30 = 0. Suppose 0 = p + 4*u - 53, -t*p - u - 12 + 182 = 0. Let z = p + -6. Is 13 a factor of z?
False
Let x = 470 - 270. Does 14 divide (-2)/7 - x/(-14)?
True
Suppose -2*y + 137 = -9. Does 16 divide y?
False
Suppose 20*m - 208 = 72. Does 3 divide m?
False
Let n be -2 + -37*(-8)/4. Suppose 5*q + w = 108, -3*q + n = -0*q + 3*w. Does 21 divide q?
True
Suppose -4*x = -5*x + 222. Suppose 5*t = 2*b + x, -3*t - 3*b + 0*b = -150. Is 23 a factor of t?
True
Let y(a) = 8*a**2 + 2*a. Does 13 divide y(3)?
True
Let w(q) = 4*q + 6. Suppose -26 = -y + 4*z, y - 6*y = 3*z - 61. Suppose k + k = y. Is w(k) a multiple of 17?
True
Suppose 7*c + 20 = 2*c, -2*c - 38 = -2*q. Is q a multiple of 11?
False
Let b(j) = 5*j**3 + 8. Let c(d) = 6*d**3 - d**2 + 9. Let x(h) = 5*b(h) - 4*c(h). Does 12 divide x(-3)?
False
Suppose -5*s - 3*i = -2 + 26, 5*s - 2*i + 9 = 0. Let y(w) = 7*w**2 - w. Let r be y(-2). Is (-2)/(87/r + s) a multiple of 10?
True
Let o(y) = y**3 - 5*y**2 - 14*y - 10. Is 11 a factor of o(8)?
False
Let h be (-3 - -2) + 2 - 0. Suppose 39 = 2*q + h. Does 12 divide q?
False
Let c(q) be the first derivative of -q**4/4 + 5*q**3/3 - 5*q**2/2 + 2*q - 1. Let d be c(4). Is 3 a factor of 2 + (-4 - -2)/d?
True
Suppose 4*q + 3*f - 362 = -1, -3*q + 273 = 3*f. Is q a multiple of 24?
False
Let g = 3 + 39. Does 17 divide g?
False
Let z(m) = m**3 - 9*m**2 - 3. Let k be z(9). Does 17 divide k + 0 - (-3 + -31)?
False
Suppose -5*z + 351 + 224 = 0. Suppose 4*k + 4*a = 2*k + 52, 5*k - z = 5*a. Is (k/10)/(4/10) a multiple of 3?
True
Let j(u) = -u**2 + 5*u - 5. Let a be j(4). Let w = 3 - a. Suppose 136 = w*z + 12. Is z a multiple of 16?
False
Suppose -12 + 2 = -5*m. Let q(x) = -3*x**m + 2*x**2 - 5 - 3*x**2 - 3*x**2 + 2*x**3 + 7*x. Does 13 divide q(4)?
True
Is 15 a factor of 4*(-4)/(-24) + 176/6?
True
Suppose -2*u + 182 = 4*n, 7*n - 43 = 6*n - u. Does 16 divide n?
True
Suppose 2*b = -5*o + 38 - 0, 4*o - 44 = -5*b. Does 3 divide o?
True
Suppose -4 = -2*v - 2*u, -2 - 13 = 5*u. Suppose -v*t - 5*s + 33 = 3, -12 = -2*t + 4*s. Is t a multiple of 4?
False
Let u = -137 + 219. Is 41 a factor of u?
True
Let t(a) = -a**3 - 8*a**2 - 8*a - 7. Let s be t(-7). Suppose 5*k - 13 - 2 = s. Is 3 a factor of k?
True
Suppose -4*k - k - 5*r + 235 = 0, 0 = 5*k - 3*r - 219. Let w = k + -3. Is w a multiple of 14?
True
Let t = -65 + 101. Does 6 divide t?
True
Let m be (-7)/(-2) - (-3)/2. Suppose -s = -2*q + 118 + 59, 449 = m*q + 4*s. Is q a multiple of 23?
False
Suppose 0 = -2*r + 3*a - 17 + 182, 2*r = -a + 153. Does 33 divide r?
False
Let r = -1 + 6. Suppose 2*t + 83 = 3*g, -g + r*t + 45 + 0 = 0. Does 13 divide g?
False
Let u(p) = 6*p**2 + 2. Suppose -i = -v - 5, -2*i + 5 = 5*v + 2. Suppose 2*j + i = 4*j. Is u(j) a multiple of 13?
True
Let u(a) = a**2 + 5*a - 2. Let y be u(-6). Let f = y + -91. Let p = -55 - f. Is p a multiple of 16?
True
Suppose -2*r + 0*r + 30 = 0. Let j = -7 + r. Is j a multiple of 4?
True
Suppose 3*d + 5*g = -2*d + 70, 0 = -2*d - 5*g + 40. Does 3 divide d?
False
Let b = 43 - 19. Is b a multiple of 11?
False
Let r(x) = x**3 + 9*x**2 + 4*x. Is r(-6) a multiple of 21?
True
Let f(k) = k - 2. Let s be f(0). Let p be 1*((0 - s) + 3). Let t = p - 0. Is t a multiple of 5?
True
Let l = 1 - 0. Let z(k) = 85*k - 1. Let p be z(l). Does 7 divide (2/(-4))/((-6)/p)?
True
Suppose 6 = -3*x - 6, -4*p - x + 8 = 0. Suppose p*s + a = 47 + 19, -3*a = 5*s - 106. Suppose -4*n + s - 7 = -4*g, 4*n = -3*g + 37. Is n a multiple of 3?
False
Let c(m) be the first derivative of -m**5/20 - 2*m**4/3 - 3*m**3/2 + m**2 - 2*m - 1. Let r(a) be the first derivative of c(a). Does 16 divide r(-7)?
True
Suppose 5 = -3*i - 2*i. Let o be (0 - 1)/(i - 0). Is 12 + 3/3 + o a multiple of 7?
True
Let i be ((-8)/(-4) + -2)*1. Suppose -b + 6 + 11 = i. Is b a multiple of 5?
False
Suppose 0 = -5*j - 7 - 8. Is (16/j)/(2/(-6)) a multiple of 8?
True
Suppose -2*f + d = f - 47, 69 = 5*f + 3*d. Suppose o - f = 3. Is o a multiple of 9?
True
Let a = 16 + -10. Suppose -3*u + 5*u = a. Suppose -u*c + 13 = -44. Is 11 a factor of c?
False
Let j(c) = c**3 - 7*c**2 - c + 5. Let n = 11 + -4. Let r be j(n). Let v = 14 + r. Is v a multiple of 6?
True
Let y(z) = 2*z + 1. Is 3 a factor of y(3)?
False
Let m be (-16)/(-6)*(-3)/(-2). Suppose k - 1139 = 4*x + m*k, -2*k = 2. Does 8 divide x/(-16) - (-2)/8?
False
Let r = 71 + -14. Does 7 divide r?
False
Let m(x) = x + 11. Let t be m(-8). Let i = 1 + t. Suppose -30 + i = -2*l. Is l a multiple of 9?
False
Suppose 0 = -i + 29 - 10. Does 9 divide i?
False
Suppose -1 = c - s, -s + 8 - 19 = -4*c. Suppose 2*u + p = 2*p + 4, -3*p = -u + 2. Let v = c - u. Is 2 a factor of v?
True
Let d(y) = -4*y - 2*y - 3*y + 0 + 1. Is d(-2) a multiple of 6?
False
Let t(w) = -w**2 + 5*w + 10. Let d be t(6). Suppose o - 48 = -q + 5*o, -d*q + 203 = -5*o. Does 13 divide q?
True
Let f(m) = 3*m**2 - 4*m + 1. Let q(g) be the first derivative of g**4/4 + 3*g**3 + 9*g**2/2 + 5*g + 3. Let b be q(-8). Is f(b) a multiple of 20?
True
Suppose 0 = 2*c - d - 197, -404 = c - 5*c + 4*d. Suppose -c = -3*g + g. Is 14 a factor of g?
False
Suppose 0 = -3*o - 9, 2*y - 5*o - 25 = 7*y. Is (-852)/(-20) + y/(-5) a multiple of 14?
False
Let j(u) = u**2 + 5*u + 6. Let z be j(-6). Suppose -z = -3*n - 3. Does 3 divide n?
True
Let v(d) = 6*d - 10. Is v(10) a multiple of 3?
False
Let r = 1 - -7. Does 4 divide r?
True
Let b(k) = -k**2 - 9*k - 6. Suppose 0*x = x + i + 8, 2*x + 11 = 3*i. Does 3 divide b(x)?
False
Suppose l + 0 - 2 = 0. Let q(t) = 8*t + 2*t - 5*t**l + 4*t**2 - 12. Does 4 divide q(8)?
True
Is 19 a factor of -8*10/(1 - 2)?
False
Suppose 0*b - 3*b + 12 = 0. Suppose -j = -u - 2*j, 6 = u + b*j. Is 14 a factor of (-160)/(-12) + u/(-3)?
True
Let m be 2/8 + 2/(-8). Suppose -4*z = -m*z - 120. Does 22 divide z?
False
Let u = -114 + 174. Does 15 divide u?
True
Suppose 0*a + 5*a + 3*l - 16 = 0, -4*a - 3*l = -14. Suppose -3*i = -a*i - 3. Suppose m = i*m - 16. Is m a multiple of 4?
True
Let o(r) = -2*r + 2. Let a be o(-3). Let f = -3 + 0. Let q = a + f. Is 2 a factor of q?
False
Suppose 0 = 3*d - 1 - 11. Let c be d/(-6)*3/1. Does 20 divide c/8 + 1686/24?
False
Let u = -90 + 155. Suppose 0*s - s - 55 = -3*h, 5*s - u = -5*h. Is 8 a factor of h?
False
Suppose 3*z = -2*p + 13 + 19, p - 3*z - 34 = 0. Suppose p*c - 69 = 21*c. Is 13 a factor of c?
False
Suppose 455 = 10*p - 505. Is p a multiple of 16?
True
Does 13 divide (-3)/1 - (-1 + 164/(-4))?
True
Suppose 4*y + 4*j + 4 = 0, -5*y - 2*j - 10 = 1. Does 5 divide (y + 2)*0 - -5?
True
Suppose 4*v - 82 = 5*t, v + v + 4*t = 54. Suppose -5*h - 2*u + 85 = 0, -2*h = -u - v - 2. Is 8 a factor of h?
False
Let t(w) = -2*w + 8. Is t(-11) a multiple of 15?
True
Let w(f) = -4*f + 12. Let n be w(9). Is 8 a factor of 3*1 + (-2 - n)?
False
Suppose 3*f - 12 = 0, -6*m + 2*f = -m + 33. Is 4 a factor of (-59)/m - (-2)/10?
True
Let g = 6 + -2. Suppose -4 - 2 = 3*d, 3*o + g = -5*d. Let n = o + 5. Is n a multiple of 7?
True
Suppose -d - 4*d = 375. Let z = d + 161. Is 11 a factor of z/8 + 1/4?
True
Let t = -7 + 16. Let i be 46/10 + t/(-15). Suppose -5*d + 230 = -3*o, -d + 5*d - i*o = 192. Does 13 divide d?
False
Let k(r) = -13*r - 6. Let y(h) = h**2 - 1. Let u(q) = k(q) + 2*y(q). Does 17 divide u(-5)?
False
Let t(k) = -6*k**3 + 3*k**2 + k - 2. Is t(-2) a multiple of 7?
True
Suppose 48 = 68*b - 67*b. Is b a multiple of 8?
True
Let g = -175 + 310. Is g a multiple of 28?
False
